 + -2 + 5 + 5454/202 is divided by d(-2)?
9
Suppose 181*g = 298*g - 17199. Calculate the remainder when g is divided by 94.
53
Suppose 55*i - 58*i - 274 = -2*s, 3*i - 238 = -2*s. What is the remainder when 179 is divided by s?
51
Suppose 0 = 4*f + 5*f - 90. Let i(y) = -y**2 + 5*y + 15. Let d be i(7). What is the remainder when (d - 66)*(-34)/85 is divided by f?
6
Let a(p) = 34*p - 15 - 3 + 7 - 2*p**2. What is the remainder when 415 is divided by a(16)?
16
Suppose 0 = 3*u - w - 0*w - 1164, -5*u = -3*w - 1932. What is the remainder when 1591 is divided by u?
31
Suppose -3*l - 357 - 2073 = 5*i, -5*l - 2440 = 5*i. Let v = i - -705. Calculate the remainder when v is divided by 76.
70
Suppose l - 109 = 10*p, 6 = -3*p + 2*p. Let j(h) = -h**3 + 7*h**2 + 6. Calculate the remainder when l is divided by j(7).
1
Let v = 20 - 12. Suppose v = h - 30. What is the remainder when 71 is divided by h?
33
Let l be (-30)/4 - (-5)/(-10). Let h be (l/5)/((-6)/15). Suppose -18 = h*c - 118. What is the remainder when 72 is divided by c?
22
Let o be (-1410)/(-27) - (-2)/(-9). Let n = o - 12. Let m = 80 - n. Calculate the remainder when m is divided by 15.
10
Let h = -2257 - -2390. What is the remainder when 1064 is divided by h?
0
Suppose 0 = 10*c - 11*c - 4*m + 183, -2*c + 4*m = -402. Calculate the remainder when c is divided by 2/(-4) + (-201)/(-6).
30
Suppose 0 = 15*m - 29*m - 28*m + 4662. Calculate the remainder when 322 is divided by m.
100
Let k(z) be the second derivative of -z**5/20 - 5*z**4/6 - 5*z**3/6 - z**2/2 + 17*z - 3. What is the remainder when k(-10) is divided by 5?
4
Let y(b) = -b**3 + 33. Let u = 483 - 154. Let i = u - 231. Calculate the remainder when i is divided by y(0).
32
Let c be (-2256)/42 - (-4)/(-14). Let w = 57 + c. Suppose 3*y + w = 0, 4*u + 4*y - 29 = u. Calculate the remainder when 38 is divided by u.
5
Suppose -5*o - 414 = o. Let r = o - -77. Calculate the remainder when 11 is divided by r.
3
Let i = 58 - 9. Suppose 0 = -185*k + 1334 + 516. What is the remainder when i is divided by k?
9
Calculate the remainder when 197 is divided by -1 + (7 - (12 + -81)).
47
Let b be 9/6*((-40)/(-6) - 2). Suppose 10*y + b = 57. Suppose 3*v - 41 - 37 = -3*n, 2*n + y*v = 67. Calculate the remainder when 125 is divided by n.
20
Let a(j) = -7*j - 34. Let t(p) = -9*p - 32. Let m(d) = -5*a(d) + 4*t(d). Calculate the remainder when 110 is divided by m(4).
34
Suppose 4*f + 44 = 4*h, -4*h - f = 2*f - 30. Let s(b) = -3 - 15*b**2 - b**3 - 36 + 32*b + 11. Calculate the remainder when h is divided by s(-17).
3
Let g(x) be the second derivative of 9*x**3/2 - 23*x**2/2 - 6*x + 9. Calculate the remainder when g(5) is divided by 34.
10
Suppose 5*x - 292 = 4*h + x, 0 = 2*h - 3*x + 142. Calculate the remainder when 91 is divided by (-2)/(-11) + (-1 - 1526/h).
15
Suppose -2*w + 141 = 45. Let u be ((-2 - 4)/6)/(-1). What is the remainder when w is divided by u + ((-72)/3)/(-2)?
9
Let i = 2430 + -2409. What is the remainder when 4*(-4)/(-16) - -32 is divided by i?
12
Suppose 0 = -3*x - 71 + 1826. Let f = 204997 + -204955. What is the remainder when x is divided by f?
39
Suppose -1680 = -8*k - 1560. Let g(c) = 6*c**2 + 8*c - 11. Calculate the remainder when g(4) is divided by k.
12
Let b = 107 + -34. Suppose -c = 2*c - 2*p - 43, 4*p = 5*c - b. Calculate the remainder when 63 is divided by c.
11
Let j(f) = f**3 - f**2 - f - 1. Let a(s) = -4*s**3 + 16*s**2 - 6*s - 2. Let h(g) = -a(g) - 5*j(g). Calculate the remainder when 71 is divided by h(-12).
14
Suppose -2*b + 3*b - 26 = 0. Let l be ((-40528)/20)/(-4) - 16/(-40). Let d = -493 + l. What is the remainder when b is divided by d?
12
Suppose 0 = -4*g + 4*a + 280, 0 = 3*a + 19 - 28. Let i = -11 - -9. Calculate the remainder when g is divided by i*(-69)/6 - 4.
16
Let w be ((-94)/(-4))/((0 + 2)/20). Suppose w = 7*a + 11. What is the remainder when 412 is divided by a?
28
Let x = -213 - -379. What is the remainder when x is divided by (-4)/(-22) + (-4979)/(-143)?
26
Suppose -4*x - 4 = -s, -10*x + 6*x + 8 = -4*s. Let i(d) = d**3 + 7*d**2 + 3*d - 2. Calculate the remainder when i(s) is divided by 18.
16
Suppose 3*g + 4*y = 3, g - 15 = 2*y - 4. Suppose 3 = -2*i - 5*f + 1, 4*f - 29 = -g*i. Suppose -28*s + i = -27*s. What is the remainder when s is divided by 5?
4
What is the remainder when ((-664)/40)/(4/50*60/(-72)) is divided by 55?
29
Suppose -53492*k - 333 = -53529*k. Suppose -5*x + 5*n + 340 = 0, -3 = -5*n + 2. What is the remainder when x is divided by k?
6
Let q(g) = -2*g + 1. Let x = 46 + 45. Suppose -73*y + x*y = 522. Calculate the remainder when y is divided by q(-7).
14
Calculate the remainder when 1851 is divided by 90/(-150)*(-7)/((-126)/(-510)).
15
Calculate the remainder when 635 is divided by 840/25*130/52.
47
Suppose -23*g = -22 + 45. What is the remainder when g - (2570/(-5) - 3) is divided by 47?
46
Let y be 11660/33 - 5 - (-1)/(-3). Let n = y + -110. Calculate the remainder when n is divided by 12.
10
Let a(o) be the second derivative of -11*o**3/6 + 3*o**2 + 10*o. Let t(p) = p. Let r(d) = a(d) + 4*t(d). Calculate the remainder when r(-3) is divided by 11.
5
What is the remainder when (-6)/(-4)*(17 - (-9595)/57) is divided by 7?
5
What is the remainder when 45 is divided by (-146)/511 - (-340)/14?
21
Suppose -7*b = -2179 - 2994. Let h = b + -92. What is the remainder when h is divided by 24?
23
Let y(v) = v**2 - 351*v - 3219. Suppose 2*i - 214 - 198 = -2*m, -840 = -4*i + 4*m. What is the remainder when i is divided by y(-9)?
19
Let c be 645/2 - 9/(-18). Let t = 344 - c. Calculate the remainder when 78 is divided by t.
15
Let h = 14 + -26. Let c(y) = 27*y**2 - 12*y + 2 + 13*y**2 - 41*y**2. What is the remainder when c(h) is divided by 2?
0
Let u be (4 - 2)/((-6)/9) - -11. Suppose 84 = u*b + 1580. Let o = -65 - b. What is the remainder when o is divided by 25?
22
Let c = -5 - -7. Suppose -y = 3*o - 81, -142 - 246 = -5*y + c*o. Calculate the remainder when y is divided by 8.
6
Suppose -111*g = -107*g - 4*i - 184, -5*g = 5*i - 150. Calculate the remainder when 4883 is divided by g.
19
Suppose -67 = -3*j + 2*r + 56, r - 3 = 0. Let h(g) = 1626*g - 22751. What is the remainder when j is divided by h(14)?
4
Suppose 0 = 22*y - 21277 - 4837. Calculate the remainder when y is divided by 24.
11
Let u(w) = -14*w - 83. Let b be u(-7). Suppose 9*k + 258 = b*k. Calculate the remainder when k is divided by 27.
16
Let i = 13940 + -13922. What is the remainder when 5683 is divided by i?
13
Let y(w) = -7*w - 6. Let k be y(-4). Suppose 8*p - 20*p = -240. Suppose -2*o + p + k = 0. Calculate the remainder when o is divided by 11.
10
Let h(x) = -7*x + 8. What is the remainder when 24*(1/((-2)/(-8)) + -3) is divided by h(-2)?
2
Suppose -9*b + 90 = -24*b. What is the remainder when ((-120)/(-16) - 6)/(b/(-56)) is divided by 13?
1
Let s = -354 - -447. Suppose -s = -4*b - 4*z + 163, 0 = -4*b + 3*z + 228. What is the remainder when b is divided by 23?
14
Let m(k) = -2*k**3 - 82*k**2 + 61*k + 237. What is the remainder when m(-42) is divided by 134?
131
Suppose 6*a = 2*h + 2*a - 138, 3*a = -h + 94. Suppose -20*f + 21*f = 7. Suppose f*r = -7*r + 280. What is the remainder when h is divided by r?
19
Suppose -2*l + 190 = z + 128, 5*l = -z + 77. Suppose 3*a - 4*p - 444 = 0, 2*a + 2*p = -0*a + 310. What is the remainder when a is divided by z?
48
Suppose -1243*v + 1358*v - 61295 = 0. What is the remainder when v is divided by 140?
113
Suppose 3*n - 11 = 6*v - 8*v, n = -5*v + 8. Calculate the remainder when -195*((-8)/24)/v is divided by 23.
19
Suppose 3*f + 2*i = 7, f = -2*f - i + 5. Let j be 2 + 0 + f + 1 + 2. Suppose j*q = 84 - 0. What is the remainder when 179 is divided by q?
11
Let w be (2/5)/(2/(-10)). Suppose 63*o + 92 = -286. What is the remainder when w + 0 - (-15 - o) is divided by 3?
1
Let x(m) = -459*m**3 + 458*m**3 + 0 + 7*m**2 + 2*m - 5. Calculate the remainder when x(7) is divided by 2.
1
Let k(m) = 6*m - 32. Let p(v) = -12*v + 64. Let h(f) = 7*k(f) + 3*p(f). Let c be h(4). Calculate the remainder when (539/(-14))/(4/c) is divided by 13.
12
Let f = 29 + 2. What is the remainder when f is divided by 28/(-42)*15 - -12?
1
Suppose 78 = 2*w - 0*w. Let d(z) = z**3 - 18*z**2 - 7*z - 619. Calculate the remainder when d(20) is divided by w